03 a composite number?
False
Is 20082803 prime?
False
Is 21285079 a prime number?
True
Is 112280027 a composite number?
False
Is 1910437 prime?
False
Is 14936771 composite?
False
Is 262617 prime?
False
Is 322147 a prime number?
False
Is 70058899 a composite number?
False
Is 10724271 a composite number?
True
Is 4473971 a prime number?
True
Is 23283389 a prime number?
True
Is 410003 composite?
True
Is 2240183 a composite number?
True
Is 53063797 a composite number?
False
Is 7133947 prime?
False
Is 9581893 composite?
False
Is 11479735 prime?
False
Is 21884829 a composite number?
True
Is 37407043 a prime number?
True
Is 6851747 prime?
False
Is 3569353 composite?
True
Is 423919 a prime number?
False
Is 167866583 composite?
True
Is 33891971 composite?
True
Is 40591319 prime?
False
Is 912329 prime?
False
Is 9899293 a composite number?
True
Is 7902649 prime?
True
Is 2329947797 a prime number?
True
Is 16020505 a prime number?
False
Is 23497085 a composite number?
True
Is 1073875549 composite?
False
Is 293311 a prime number?
True
Is 471234433 a composite number?
False
Is 6454693 prime?
False
Is 266797 a composite number?
False
Is 29122267 a composite number?
False
Is 27163813 composite?
False
Is 19700921 prime?
True
Is 400789 a composite number?
True
Is 5364553 a composite number?
False
Is 23316739 a composite number?
True
Is 21948503 prime?
False
Is 108210397 prime?
False
Is 1215033 composite?
True
Is 29150377 prime?
True
Is 20230613 a composite number?
True
Is 18951671 a composite number?
False
Is 41205341 prime?
True
Is 18639869 composite?
True
Is 30860013 composite?
True
Is 25107473 prime?
False
Is 8859527 composite?
True
Is 98234341 a composite number?
False
Is 260284177 composite?
True
Is 139188857 a composite number?
True
Is 64384633 a prime number?
True
Is 161028211 composite?
True
Is 13947863 a composite number?
False
Is 235811 a composite number?
False
Is 15889229 composite?
True
Is 6836623 prime?
True
Is 11605787 prime?
True
Is 510013 prime?
False
Is 7960721 a prime number?
False
Is 627142613 a composite number?
False
Is 112615927 a composite number?
False
Is 3025909 a composite number?
False
Is 6381799 prime?
True
Is 390529595 composite?
True
Is 1018117 a composite number?
True
Is 7206421 prime?
False
Is 2262937 composite?
False
Is 90640973 composite?
True
Is 205610701 composite?
True
Is 3368081 a composite number?
False
Is 325617907 a prime number?
True
Is 7259677 a composite number?
False
Is 6011669 composite?
True
Is 526271 prime?
True
Is 514788331 prime?
False
Is 402239 composite?
False
Is 80273 prime?
True
Is 918319 prime?
True
Is 18918087 prime?
False
Is 236737117 prime?
True
Is 183883051 a composite number?
True
Is 58950137 a composite number?
False
Is 44913349 prime?
False
Is 44045087 a prime number?
True
Is 158489 composite?
False
Is 196193 prime?
True
Is 6397567 composite?
True
Is 17308387 composite?
False
Is 5492441 a composite number?
True
Is 136259593 composite?
True
Is 430970201 composite?
True
Is 10026011 prime?
True
Is 23443951 composite?
False
Is 46217683 a prime number?
False
Is 743342597 prime?
True
Is 184130867 prime?
False
Is 1239803 a prime number?
True
Is 5695757 prime?
True
Is 30748279 a composite number?
True
Is 15259529 composite?
True
Is 3308063 composite?
True
Is 1571537 a prime number?
False
Is 676633 composite?
True
Is 23331194 a prime number?
False
Is 508202231 composite?
False
Is 54784729 a composite number?
False
Is 944651 prime?
True
Is 32263057 composite?
True
Is 7794209 a composite number?
False
Is 199819 composite?
False
Is 6649442 a composite number?
True
Is 61631917 composite?
True
Is 10252841 a prime number?
True
Is 2487113 composite?
False
Is 4906361 a prime number?
True
Is 31661251 composite?
True
Is 326773 composite?
False
Is 855182689 a prime number?
False
Is 7300849 a composite number?
True
Is 87740789 a prime number?
True
Is 39548471 a prime number?
True
Is 17055001 composite?
True
Is 23354263 a composite number?
False
Is 1843027 composite?
False
Is 23775398 a composite number?
True
Is 6196121 composite?
True
Is 43792129 a prime number?
True
Is 835386539 a composite number?
True
Is 6966007 prime?
True
Is 208660631 a prime number?
True
Is 800911 a composite number?
True
Is 3053317 prime?
True
Is 1952359655 a composite number?
True
Is 1418741 prime?
True
Is 3658607 a composite number?
False
Is 14700247 prime?
False
Is 42730783 prime?
True
Is 6939137 prime?
True
Is 9062933 prime?
False
Is 226625461 a composite number?
True
Is 39281 prime?
False
Is 9286259 composite?
False
Is 1184905 prime?
False
Is 1589158 composite?
True
Is 41483293 a composite number?
False
Is 955127 composite?
False
Is 21700477 composite?
True
Is 707911 composite?
False
Is 8979697 composite?
True
Is 516084599 prime?
True
Is 14299487 composite?
False
Is 46675619 prime?
True
Is 4690363 a prime number?
True
Is 41111449 prime?
True
Is 70969027 a prime number?
False
Is 113598157 a prime number?
True
Is 5366215 a composite number?
True
Is 8569199 a composite number?
True
Is 76744513 a composite number?
False
Is 25371761 composite?
True
Is 1872869 composite?
True
Is 492739202 composite?
True
Is 16745521 a composite number?
True
Is 14443451 composite?
True
Is 34516151 a prime number?
False
Is 54406913 a prime number?
False
Is 194613959 a prime number?
True
Is 257524811 prime?
True
Is 290861 composite?
False
Is 7712327 a composite number?
True
Is 2139061 prime?
False
Is 27869129 composite?
True
Is 5396477 a prime number?
True
Is 528559 composite?
False
Is 62722427 prime?
False
Is 4752731 a composite number?
False
Is 13881601 a composite number?
True
Is 2685601 a prime number?
True
Is 159623 prime?
True
Is 919891 a prime number?
False
Is 8726483 prime?
False
Is 444739 a prime number?
True
Is 4908107 a prime number?
True
Is 865355903 prime?
True
Is 3088123 prime?
False
Is 9744851 a prime number?
True
Is 163013767 a prime number?
False
Is 23108039 a composite number?
False
Is 1238293009 a prime number?
True
Is 1890578 composite?
True
Is 179864897 a prime number?
True
Is 4874633 prime?
True
Is 7965821 composite?
True
Is 1663171 a composite number?
True
Is 5181589 composite?
True
Is 6792083 a prime number?
True
Is 6451889 a prime number?
True
Is 7910381 composite?
False
Is 10351741 a composite number?
False
Is 8785097 a prime number?
False
Is 942421 a composite number?
True
Is 20564359 prime?
True
Is 85438949 a prime number?
False
Is 1317961 a composite number?
False
Is 41546163 a composite number?
True
Is 6746651 prime?
True
Is 8381047 a prime number?
True
Is 359995073 composite?
False
Is 6543029 composite?
False
Is 2912533 a prime number?
False
Is 692351903 composite?
False
Is 38868493 a prime number?
True
Is 2886827 composite?
True
Is 28182961 prime?
True
Is 822535763 a prime number?
False
Is 1953907 a prime number?
False
Is 1209034 a composite number?
True
Is 17370811 a composite number?
False
Is 7417307 composite?
False
Is 6710141 a composite number?
True
Is 98609647 a prime number?
True
Is 19591139 composite?
True
Is 4887893 composite?
False
Is 56109817 a prime number?
True
Is 2482651 composite?
False
Is 82712099 prime?
True
Is 18700798 prime?
False
Is 2088769 prime?
False
Is 1181851 prime?
False
Is 21471871 prime?
False
Is 631817 a prime number?
True
Is 16581799 prime?
False
Is 240481333 composite?
True
Is 1866941 prime?
True
Is 56156239 a composite number?
False
Is 51599887 a prime number?
True
Is 1955627 prime?
False
Is 23958679 a prime number?
True
Is 16682683 a prime number?
True
Is 466121 composite?
False
Is 3695717 prime?
True
Is 2257909 composite?
False
Is 16507873 a composite number?
True
Is 92666729 a prime number?
True
Is 393336553 prime?
False
Is 21566869 composite?
True
Is 1579969 a composite number?
False
Is 21491359 composite?
True
Is 886373 a composite number?
True
Is 44459389 composite?
True
Is 1574367 a prime number?
False
Is 492707 a composite number?
False
Is 1386139 a composite number?
False
Is 110268503 a composite number?
False
Is 23943373 a composite number?
True
Is 15826561 prime?
True
Is 97240373 a composite number?
True
Is 200903099 a composite number?
False
Is 24205061 a prime number?
True
Is 328397 prime?
True
Is 287920761 a prime number?
False
Is 289081993 a prime number?
True
Is 560533007 a composite n